{"id":81,"date":"2013-06-24T16:15:20","date_gmt":"2013-06-24T14:15:20","guid":{"rendered":"http:\/\/lyonbondyblog.fr\/LBB\/?page_id=81"},"modified":"2016-05-17T15:50:46","modified_gmt":"2016-05-17T13:50:46","slug":"cgu","status":"publish","type":"page","link":"https:\/\/lyonbondyblog.fr\/LBB\/cgu\/","title":{"rendered":"CGU"},"content":{"rendered":"<p><strong>Validit\u00e9 des informations fournies :<\/strong><\/p>\n<p>Dans l&rsquo;hypoth\u00e8se o\u00f9 l&rsquo;Utilisateur serait amen\u00e9 \u00e0 fournir des informations, il s&rsquo;engage \u00e0 :\u2028- d\u00e9livrer des informations r\u00e9elles, exactes, \u00e0 jour au moment de leur saisie dans le formulaire d&rsquo;inscription du service, et notamment \u00e0 ne pas utiliser de faux noms ou adresses, ou encore des noms ou adresses sans y \u00eatre autoris\u00e9.\u2028- maintenir \u00e0 jour les donn\u00e9es d&rsquo;inscriptions en vue de garantir en permanence leur caract\u00e8re r\u00e9el, exact et \u00e0 jour ;\u2028- ne pas rendre disponible ou distribuer des informations ill\u00e9gales, r\u00e9pr\u00e9hensibles (telles que des informations diffamatoires ou obsc\u00e8nes) ou encore nuisibles (telles que les virus).\u2028En cas de violation de ces dispositions, <strong>LyonBondyBlog<\/strong> sera en mesure de suspendre ou de r\u00e9silier l&rsquo;acc\u00e8s de l&rsquo;Utilisateur aux services \u00e0 ses torts exclusifs.<\/p>\n<p>&nbsp;<\/p>\n<p><strong>Acc\u00e8s au site :<\/strong><\/p>\n<p>La responsabilit\u00e9 de\u00a0<strong>LyonBondyBlog<\/strong> ne peut \u00eatre engag\u00e9e en raison d&rsquo;une indisponibilit\u00e9 technique de la connexion, qu&rsquo;elle soit due notamment \u00e0 un cas de force majeure, \u00e0 une maintenance, \u00e0 une mise \u00e0 jour, \u00e0 une modification du site, \u00e0 une intervention de l&rsquo;h\u00e9bergeur, \u00e0 une gr\u00e8ve interne ou externe, \u00e0 une panne de r\u00e9seau, \u00e0 une coupure d&rsquo;alimentation \u00e9lectrique, ou encore \u00e0 une mauvaise configuration ou utilisation de l&rsquo;ordinateur de l&rsquo;utilisateur.<\/p>\n<p>&nbsp;<\/p>\n<p><strong>Conduite de l&rsquo;Utilisateur :<\/strong><\/p>\n<p>L&rsquo;Utilisateur s&rsquo;engage \u00e0 ne pas diffuser des propos, opinions ou informations \u00e0 caract\u00e8re diffamatoire, obsc\u00e8ne, violent, raciste et plus g\u00e9n\u00e9ralement contrevenant aux textes fran\u00e7ais en vigueur, aux droits des personnes et aux bonnes m\u0153urs.<\/p>\n<p>&nbsp;<\/p>\n<p><strong>Limitation de responsabilit\u00e9 :<\/strong><\/p>\n<p>L&rsquo;Utilisateur admet express\u00e9ment utiliser le site\u00a0<strong>www.lyonbondyblog.fr<\/strong> \u00e0 ses propres risques et sous sa responsabilit\u00e9 exclusive.\u2028Le site\u00a0<strong>www.lyonbondyblog.fr<\/strong> fournit \u00e0 l&rsquo;Utilisateur des informations \u00e0 titre indicatif, en l&rsquo;\u00e9tat, avec toutes leurs imperfections, erreurs, omissions, inexactitudes et autres ambivalences susceptibles d&rsquo;exister. En outre, ces informations doivent \u00eatre prises en consid\u00e9ration au moment de leur mise en ligne et non au moment de la consultation du site.\u2028En tout \u00e9tat de cause,\u00a0<strong>LyonBondyBlog<\/strong> ne pourra en aucun cas \u00eatre tenue responsable :\u2028- de tout dommage direct ou indirect, notamment en ce qui concerne les pertes de profits, le manque \u00e0 gagner, les pertes de client\u00e8le, de donn\u00e9es pouvant entre autres r\u00e9sulter de l&rsquo;utilisation du site <strong>www.lyonbondyblog.fr<\/strong>, ou au contraire de l&rsquo;impossibilit\u00e9 de son utilisation ;\u2028- d&rsquo;un dysfonctionnement, d&rsquo;une indisponibilit\u00e9 d&rsquo;acc\u00e8s, d&rsquo;une mauvaise utilisation, d&rsquo;une mauvaise configuration de l&rsquo;ordinateur de l&rsquo;Utilisateur, ou encore de l&#8217;emploi d&rsquo;un navigateur peu usit\u00e9 par l&rsquo;utilisateur ;\u2028- du contenu des publicit\u00e9s et autres liens ou sources externes accessibles par l&rsquo;Utilisateur \u00e0 partir du site\u00a0<strong>www.lyonbondyblog.fr<\/strong>.<\/p>\n<p>&nbsp;<\/p>\n<p><strong>Publicit\u00e9 et sponsor du site.<\/strong><\/p>\n<p>Le site\u00a0<strong>www.lyonbondyblog.fr<\/strong>\u00a0ne contient pas de publicit\u00e9s.<\/p>\n<p>&nbsp;<\/p>\n<p><strong>Liens hypertexte :<\/strong><\/p>\n<p>Tout Webmestre qui cr\u00e9erait un lien hypertexte s&rsquo;engage \u00e0 ne pas utiliser la technique du lien profond (\u00ab deep linking \u00bb), technique selon laquelle les pages du site\u00a0<strong>www.lyonbondyblog.fr<\/strong> sont imbriqu\u00e9es \u00e0 l&rsquo;int\u00e9rieur des pages du site du Webmestre.\u2028\u2028L&rsquo;Utilisateur qui serait redirig\u00e9 vers une tierce page Internet par l&rsquo;interm\u00e9diaire d&rsquo;un lien hypertexte figurant sur le site\u00a0<strong>www.lyonbondyblog.fr<\/strong> reconna\u00eet que\u00a0<strong>LyonBondyBlog<\/strong> ne ma\u00eetrise pas le contenu des sites de redirection. En cons\u00e9quence,\u00a0<strong>LyonBondyBlog<\/strong> ne pourra en aucun cas \u00eatre tenue responsable d&rsquo;\u00e9ventuels dommages directs ou indirects du fait de l&rsquo;utilisation de sites accessibles via les liens hypertextes contenus sur le site <strong><strong>www.lyonbondyblog.fr<\/strong><\/strong>.<\/p>\n<p>&nbsp;<\/p>\n<p><strong>Droit applicable \u2013 Attribution de juridiction :<\/strong><\/p>\n<p>Les conditions d&rsquo;utilisation du site <strong>www.lyonbondyblog.fr<\/strong> sont r\u00e9gies, interpr\u00e9t\u00e9es et appliqu\u00e9es en vertu du droit fran\u00e7ais. Seuls les tribunaux de <strong>Lyon<\/strong> seront comp\u00e9tents pour conna\u00eetre d&rsquo;\u00e9ventuels litiges relatifs aux pr\u00e9sentes conditions d&rsquo;utilisation et \u00e0 leur mise en \u0153uvre, notamment leur validit\u00e9, leur interpr\u00e9tation, leur ex\u00e9cution, leur r\u00e9siliation et leurs cons\u00e9quences. Dans le cas sp\u00e9cifique de litiges entre professionnels et\/ou commer\u00e7ants, le Tribunal de commerce de <strong>Lyon<\/strong> sera comp\u00e9tent.<\/p>\n<!-- AddThis Advanced Settings generic via filter on the_content --><!-- AddThis Share Buttons generic via filter on the_content -->","protected":false},"excerpt":{"rendered":"<p>Validit\u00e9 des informations fournies : Dans l&rsquo;hypoth\u00e8se o\u00f9 l&rsquo;Utilisateur serait amen\u00e9 \u00e0 fournir des informations, il s&rsquo;engage \u00e0 :\u2028- d\u00e9livrer des informations r\u00e9elles, exactes, \u00e0 &hellip; <!-- AddThis Advanced Settings generic via filter on wp_trim_excerpt --><!-- AddThis Share Buttons generic via filter on wp_trim_excerpt --><\/p>\n","protected":false},"author":1,"featured_media":0,"parent":0,"menu_order":0,"comment_status":"closed","ping_status":"closed","template":"","meta":{"_FSMCFIC_featured_image_caption":"","_FSMCFIC_featured_image_nocaption":"","_FSMCFIC_featured_image_hide":"","footnotes":""},"class_list":["post-81","page","type-page","status-publish","hentry"],"yoast_head":"<!-- This site is optimized with the Yoast SEO plugin v22.8 - https:\/\/yoast.com\/wordpress\/plugins\/seo\/ -->\n<title>CGU - Lyon Bondy Blog<\/title>\n<meta name=\"robots\" content=\"index, follow, max-snippet:-1, max-image-preview:large, max-video-preview:-1\" \/>\n<link rel=\"canonical\" href=\"https:\/\/lyonbondyblog.fr\/LBB\/cgu\/\" \/>\n<meta property=\"og:locale\" content=\"fr_FR\" \/>\n<meta property=\"og:type\" content=\"article\" \/>\n<meta property=\"og:title\" content=\"CGU - Lyon Bondy Blog\" \/>\n<meta property=\"og:description\" content=\"Validit\u00e9 des informations fournies : Dans l&rsquo;hypoth\u00e8se o\u00f9 l&rsquo;Utilisateur serait amen\u00e9 \u00e0 fournir des informations, il s&rsquo;engage \u00e0 :\u2028- d\u00e9livrer des informations r\u00e9elles, exactes, \u00e0 &hellip;\" \/>\n<meta property=\"og:url\" content=\"https:\/\/lyonbondyblog.fr\/LBB\/cgu\/\" \/>\n<meta property=\"og:site_name\" content=\"Lyon Bondy Blog\" \/>\n<meta property=\"article:publisher\" content=\"https:\/\/www.facebook.com\/lyonbondyblog\" \/>\n<meta property=\"article:modified_time\" content=\"2016-05-17T13:50:46+00:00\" \/>\n<meta property=\"og:image\" content=\"https:\/\/lyonbondyblog.fr\/LBB\/wp-content\/uploads\/2014\/10\/Bandeau-Site-V2-011-2.jpg\" \/>\n\t<meta property=\"og:image:width\" content=\"851\" \/>\n\t<meta property=\"og:image:height\" content=\"200\" \/>\n\t<meta property=\"og:image:type\" content=\"image\/jpeg\" \/>\n<meta name=\"twitter:card\" content=\"summary_large_image\" \/>\n<meta name=\"twitter:site\" content=\"@bondybloglyon\" \/>\n<script type=\"application\/ld+json\" class=\"yoast-schema-graph\">{\"@context\":\"https:\/\/schema.org\",\"@graph\":[{\"@type\":\"WebPage\",\"@id\":\"https:\/\/lyonbondyblog.fr\/LBB\/cgu\/\",\"url\":\"https:\/\/lyonbondyblog.fr\/LBB\/cgu\/\",\"name\":\"CGU - Lyon Bondy Blog\",\"isPartOf\":{\"@id\":\"https:\/\/lyonbondyblog.fr\/LBB\/#website\"},\"datePublished\":\"2013-06-24T14:15:20+00:00\",\"dateModified\":\"2016-05-17T13:50:46+00:00\",\"inLanguage\":\"fr-FR\",\"potentialAction\":[{\"@type\":\"ReadAction\",\"target\":[\"https:\/\/lyonbondyblog.fr\/LBB\/cgu\/\"]}]},{\"@type\":\"WebSite\",\"@id\":\"https:\/\/lyonbondyblog.fr\/LBB\/#website\",\"url\":\"https:\/\/lyonbondyblog.fr\/LBB\/\",\"name\":\"Lyon Bondy Blog\",\"description\":\"\",\"publisher\":{\"@id\":\"https:\/\/lyonbondyblog.fr\/LBB\/#organization\"},\"potentialAction\":[{\"@type\":\"SearchAction\",\"target\":{\"@type\":\"EntryPoint\",\"urlTemplate\":\"https:\/\/lyonbondyblog.fr\/LBB\/?s={search_term_string}\"},\"query-input\":\"required name=search_term_string\"}],\"inLanguage\":\"fr-FR\"},{\"@type\":\"Organization\",\"@id\":\"https:\/\/lyonbondyblog.fr\/LBB\/#organization\",\"name\":\"LYON BONDY BLOG\",\"url\":\"https:\/\/lyonbondyblog.fr\/LBB\/\",\"logo\":{\"@type\":\"ImageObject\",\"inLanguage\":\"fr-FR\",\"@id\":\"https:\/\/lyonbondyblog.fr\/LBB\/#\/schema\/logo\/image\/\",\"url\":\"http:\/\/lyonbondyblog.fr\/LBB\/wp-content\/uploads\/2014\/10\/logo-portable-144.png\",\"contentUrl\":\"http:\/\/lyonbondyblog.fr\/LBB\/wp-content\/uploads\/2014\/10\/logo-portable-144.png\",\"width\":144,\"height\":123,\"caption\":\"LYON BONDY BLOG\"},\"image\":{\"@id\":\"https:\/\/lyonbondyblog.fr\/LBB\/#\/schema\/logo\/image\/\"},\"sameAs\":[\"https:\/\/www.facebook.com\/lyonbondyblog\",\"https:\/\/x.com\/bondybloglyon\"]}]}<\/script>\n<!-- \/ Yoast SEO plugin. -->","yoast_head_json":{"title":"CGU - Lyon Bondy Blog","robots":{"index":"index","follow":"follow","max-snippet":"max-snippet:-1","max-image-preview":"max-image-preview:large","max-video-preview":"max-video-preview:-1"},"canonical":"https:\/\/lyonbondyblog.fr\/LBB\/cgu\/","og_locale":"fr_FR","og_type":"article","og_title":"CGU - Lyon Bondy Blog","og_description":"Validit\u00e9 des informations fournies : Dans l&rsquo;hypoth\u00e8se o\u00f9 l&rsquo;Utilisateur serait amen\u00e9 \u00e0 fournir des informations, il s&rsquo;engage \u00e0 :\u2028- d\u00e9livrer des informations r\u00e9elles, exactes, \u00e0 &hellip;","og_url":"https:\/\/lyonbondyblog.fr\/LBB\/cgu\/","og_site_name":"Lyon Bondy Blog","article_publisher":"https:\/\/www.facebook.com\/lyonbondyblog","article_modified_time":"2016-05-17T13:50:46+00:00","og_image":[{"width":851,"height":200,"url":"https:\/\/lyonbondyblog.fr\/LBB\/wp-content\/uploads\/2014\/10\/Bandeau-Site-V2-011-2.jpg","type":"image\/jpeg"}],"twitter_card":"summary_large_image","twitter_site":"@bondybloglyon","schema":{"@context":"https:\/\/schema.org","@graph":[{"@type":"WebPage","@id":"https:\/\/lyonbondyblog.fr\/LBB\/cgu\/","url":"https:\/\/lyonbondyblog.fr\/LBB\/cgu\/","name":"CGU - Lyon Bondy Blog","isPartOf":{"@id":"https:\/\/lyonbondyblog.fr\/LBB\/#website"},"datePublished":"2013-06-24T14:15:20+00:00","dateModified":"2016-05-17T13:50:46+00:00","inLanguage":"fr-FR","potentialAction":[{"@type":"ReadAction","target":["https:\/\/lyonbondyblog.fr\/LBB\/cgu\/"]}]},{"@type":"WebSite","@id":"https:\/\/lyonbondyblog.fr\/LBB\/#website","url":"https:\/\/lyonbondyblog.fr\/LBB\/","name":"Lyon Bondy Blog","description":"","publisher":{"@id":"https:\/\/lyonbondyblog.fr\/LBB\/#organization"},"potentialAction":[{"@type":"SearchAction","target":{"@type":"EntryPoint","urlTemplate":"https:\/\/lyonbondyblog.fr\/LBB\/?s={search_term_string}"},"query-input":"required name=search_term_string"}],"inLanguage":"fr-FR"},{"@type":"Organization","@id":"https:\/\/lyonbondyblog.fr\/LBB\/#organization","name":"LYON BONDY BLOG","url":"https:\/\/lyonbondyblog.fr\/LBB\/","logo":{"@type":"ImageObject","inLanguage":"fr-FR","@id":"https:\/\/lyonbondyblog.fr\/LBB\/#\/schema\/logo\/image\/","url":"http:\/\/lyonbondyblog.fr\/LBB\/wp-content\/uploads\/2014\/10\/logo-portable-144.png","contentUrl":"http:\/\/lyonbondyblog.fr\/LBB\/wp-content\/uploads\/2014\/10\/logo-portable-144.png","width":144,"height":123,"caption":"LYON BONDY BLOG"},"image":{"@id":"https:\/\/lyonbondyblog.fr\/LBB\/#\/schema\/logo\/image\/"},"sameAs":["https:\/\/www.facebook.com\/lyonbondyblog","https:\/\/x.com\/bondybloglyon"]}]}},"_links":{"self":[{"href":"https:\/\/lyonbondyblog.fr\/LBB\/wp-json\/wp\/v2\/pages\/81","targetHints":{"allow":["GET"]}}],"collection":[{"href":"https:\/\/lyonbondyblog.fr\/LBB\/wp-json\/wp\/v2\/pages"}],"about":[{"href":"https:\/\/lyonbondyblog.fr\/LBB\/wp-json\/wp\/v2\/types\/page"}],"author":[{"embeddable":true,"href":"https:\/\/lyonbondyblog.fr\/LBB\/wp-json\/wp\/v2\/users\/1"}],"replies":[{"embeddable":true,"href":"https:\/\/lyonbondyblog.fr\/LBB\/wp-json\/wp\/v2\/comments?post=81"}],"version-history":[{"count":0,"href":"https:\/\/lyonbondyblog.fr\/LBB\/wp-json\/wp\/v2\/pages\/81\/revisions"}],"wp:attachment":[{"href":"https:\/\/lyonbondyblog.fr\/LBB\/wp-json\/wp\/v2\/media?parent=81"}],"curies":[{"name":"wp","href":"https:\/\/api.w.org\/{rel}","templated":true}]}}