{"version":"1.0","provider_name":"Lyon Bondy Blog","provider_url":"https:\/\/lyonbondyblog.fr\/LBB","author_name":"La r\u00e9daction","author_url":"https:\/\/lyonbondyblog.fr\/LBB\/author\/admin\/","title":"\u00ab Lyon n\u2019est pas qu\u2019une ville vitrine \u00bb, Emeline Baume - Lyon Bondy Blog","type":"rich","width":600,"height":338,"html":"<blockquote class=\"wp-embedded-content\" data-secret=\"Xyu9dYGZ2y\"><a href=\"https:\/\/lyonbondyblog.fr\/LBB\/335\/\">\u00ab Lyon n\u2019est pas qu\u2019une ville vitrine \u00bb, Emeline Baume<\/a><\/blockquote><iframe sandbox=\"allow-scripts\" security=\"restricted\" src=\"https:\/\/lyonbondyblog.fr\/LBB\/335\/embed\/#?secret=Xyu9dYGZ2y\" width=\"600\" height=\"338\" title=\"\u00ab\u00a0\u00ab Lyon n\u2019est pas qu\u2019une ville vitrine \u00bb, Emeline Baume\u00a0\u00bb &#8212; Lyon Bondy Blog\" data-secret=\"Xyu9dYGZ2y\" frameborder=\"0\" marginwidth=\"0\" marginheight=\"0\" scrolling=\"no\" class=\"wp-embedded-content\"><\/iframe><script type=\"text\/javascript\">\n\/* <![CDATA[ *\/\n\/*! This file is auto-generated *\/\n!function(d,l){\"use strict\";l.querySelector&&d.addEventListener&&\"undefined\"!=typeof URL&&(d.wp=d.wp||{},d.wp.receiveEmbedMessage||(d.wp.receiveEmbedMessage=function(e){var t=e.data;if((t||t.secret||t.message||t.value)&&!\/[^a-zA-Z0-9]\/.test(t.secret)){for(var s,r,n,a=l.querySelectorAll('iframe[data-secret=\"'+t.secret+'\"]'),o=l.querySelectorAll('blockquote[data-secret=\"'+t.secret+'\"]'),c=new RegExp(\"^https?:$\",\"i\"),i=0;i<o.length;i++)o[i].style.display=\"none\";for(i=0;i<a.length;i++)s=a[i],e.source===s.contentWindow&&(s.removeAttribute(\"style\"),\"height\"===t.message?(1e3<(r=parseInt(t.value,10))?r=1e3:~~r<200&&(r=200),s.height=r):\"link\"===t.message&&(r=new URL(s.getAttribute(\"src\")),n=new URL(t.value),c.test(n.protocol))&&n.host===r.host&&l.activeElement===s&&(d.top.location.href=t.value))}},d.addEventListener(\"message\",d.wp.receiveEmbedMessage,!1),l.addEventListener(\"DOMContentLoaded\",function(){for(var e,t,s=l.querySelectorAll(\"iframe.wp-embedded-content\"),r=0;r<s.length;r++)(t=(e=s[r]).getAttribute(\"data-secret\"))||(t=Math.random().toString(36).substring(2,12),e.src+=\"#?secret=\"+t,e.setAttribute(\"data-secret\",t)),e.contentWindow.postMessage({message:\"ready\",secret:t},\"*\")},!1)))}(window,document);\n\/* ]]> *\/\n<\/script>\n","thumbnail_url":"https:\/\/lyonbondyblog.fr\/LBB\/wp-content\/uploads\/2013\/07\/DSC06828.jpg","thumbnail_width":697,"thumbnail_height":347,"description":"Le CLIC accueille \u00c9meline Baume, co-t\u00eate de liste avec \u00c9tienne T\u00eate des \u00e9cologistes pour les municipales 2014 \u00e0 Lyon. Cet entretien a \u00e9t\u00e9 effectu\u00e9 par &hellip;"}

La rédaction

Le CLIC accueille Émeline Baume, co-tête de liste avec Étienne Tête des écologistes pour les municipales 2014 à Lyon. Cet entretien a été effectué par &hellip;
